{"id":3930,"date":"2025-10-21T07:11:54","date_gmt":"2025-10-21T07:11:54","guid":{"rendered":"https:\/\/gharjistan.org\/?page_id=3930"},"modified":"2025-10-21T07:27:38","modified_gmt":"2025-10-21T07:27:38","slug":"hazara-genocide","status":"publish","type":"page","link":"https:\/\/gharjistan.org\/?page_id=3930","title":{"rendered":"Hazara Genocide"},"content":{"rendered":"\t\t<div data-elementor-type=\"wp-page\" data-elementor-id=\"3930\" class=\"elementor elementor-3930\">\n\t\t\t\t<div class=\"elementor-element elementor-element-bf139d5 e-flex e-con-boxed e-con e-parent\" data-id=\"bf139d5\" data-element_type=\"container\">\n\t\t\t\t\t<div class=\"e-con-inner\">\n\t\t<div class=\"elementor-element elementor-element-dfeabe0 e-con-full e-flex e-con e-child\" data-id=\"dfeabe0\" data-element_type=\"container\">\n\t\t\t\t<div class=\"elementor-element elementor-element-d78727c elementor-widget elementor-widget-heading\" data-id=\"d78727c\" data-element_type=\"widget\" data-widget_type=\"heading.default\">\n\t\t\t\t\t<h2 class=\"elementor-heading-title elementor-size-default\">Dokumentation und internationale Aufmerksamkeit auf den V\u00f6lkermord an den Hazara<\/h2>\t\t\t\t<\/div>\n\t\t\t\t<div class=\"elementor-element elementor-element-ec62534 elementor-widget elementor-widget-text-editor\" data-id=\"ec62534\" data-element_type=\"widget\" data-widget_type=\"text-editor.default\">\n\t\t\t\t\t\t\t\t\t<p data-start=\"332\" data-end=\"535\">Der <strong data-start=\"336\" data-end=\"357\">Gharjistan Verein<\/strong> hat auf den anhaltenden systematischen V\u00f6lkermord an der ethnischen Gruppe der Hazara aufmerksam gemacht, der unter dem Hashtag <strong data-start=\"486\" data-end=\"509\">#StopHazaraGenocide<\/strong> weltweit bekannt wurde.<\/p><p data-start=\"537\" data-end=\"892\">Durch die Dokumentation von Protesten in mehr als <strong data-start=\"587\" data-end=\"642\">30 St\u00e4dten in Europa, Amerika, Australien und Asien<\/strong> hat der Verein ein umfangreiches Archiv zivilgesellschaftlicher Aktivit\u00e4ten aufgebaut. Dieses Archiv wurde Journalist:innen und Medienschaffenden zur Verf\u00fcgung gestellt, um das Bewusstsein f\u00fcr die anhaltenden Menschenrechtsverletzungen zu st\u00e4rken.<\/p><p data-start=\"894\" data-end=\"1176\">Besonders hervorzuheben ist, dass die <strong data-start=\"932\" data-end=\"956\">kanadische Regierung<\/strong> den V\u00f6lkermord an den Hazara offiziell anerkannt hat. Der Gharjistan Verein hofft, dass auch andere demokratische Staaten diesem Beispiel folgen und sich f\u00fcr die Anerkennung und Aufkl\u00e4rung dieser Verbrechen einsetzen.<\/p>\t\t\t\t\t\t\t\t<\/div>\n\t\t\t\t<\/div>\n\t\t<div class=\"elementor-element elementor-element-9e518b6 e-con-full e-flex e-con e-child\" data-id=\"9e518b6\" data-element_type=\"container\">\n\t\t\t\t<div class=\"elementor-element elementor-element-5d641be elementor-align-center elementor-widget elementor-widget-button\" data-id=\"5d641be\" data-element_type=\"widget\" data-widget_type=\"button.default\">\n\t\t\t\t\t\t\t\t\t\t<a class=\"elementor-button elementor-button-link elementor-size-sm\" href=\"https:\/\/gharjistan.org\/?page_id=3932\">\n\t\t\t\t\t\t<span class=\"elementor-button-content-wrapper\">\n\t\t\t\t\t\t\t\t\t<span class=\"elementor-button-text\">Mehr \u00fcber das Archiv erfahren<\/span>\n\t\t\t\t\t<\/span>\n\t\t\t\t\t<\/a>\n\t\t\t\t\t\t\t\t<\/div>\n\t\t\t\t<\/div>\n\t\t\t\t\t<\/div>\n\t\t\t\t<\/div>\n\t\t\t\t<\/div>\n\t\t","protected":false},"excerpt":{"rendered":"<p>Dokumentation und internationale Aufmerksamkeit auf den V\u00f6lkermord an den Hazara Der Gharjistan Verein hat auf den anhaltenden systematischen V\u00f6lkermord an&hellip;<\/p>\n","protected":false},"author":3,"featured_media":0,"parent":0,"menu_order":0,"comment_status":"closed","ping_status":"closed","template":"","meta":{"give_campaign_id":0,"footnotes":""},"class_list":["post-3930","page","type-page","status-publish","hentry"],"campaignId":"","_links":{"self":[{"href":"https:\/\/gharjistan.org\/index.php?rest_route=\/wp\/v2\/pages\/3930","targetHints":{"allow":["GET"]}}],"collection":[{"href":"https:\/\/gharjistan.org\/index.php?rest_route=\/wp\/v2\/pages"}],"about":[{"href":"https:\/\/gharjistan.org\/index.php?rest_route=\/wp\/v2\/types\/page"}],"author":[{"embeddable":true,"href":"https:\/\/gharjistan.org\/index.php?rest_route=\/wp\/v2\/users\/3"}],"replies":[{"embeddable":true,"href":"https:\/\/gharjistan.org\/index.php?rest_route=%2Fwp%2Fv2%2Fcomments&post=3930"}],"version-history":[{"count":4,"href":"https:\/\/gharjistan.org\/index.php?rest_route=\/wp\/v2\/pages\/3930\/revisions"}],"predecessor-version":[{"id":3946,"href":"https:\/\/gharjistan.org\/index.php?rest_route=\/wp\/v2\/pages\/3930\/revisions\/3946"}],"wp:attachment":[{"href":"https:\/\/gharjistan.org\/index.php?rest_route=%2Fwp%2Fv2%2Fmedia&parent=3930"}],"curies":[{"name":"wp","href":"https:\/\/api.w.org\/{rel}","templated":true}]}}